False
Is 1696311347 composite?
False
Is 580327913 prime?
False
Is 156658720409 composite?
True
Is 142349549 prime?
True
Is 57514048919 a composite number?
False
Is 1648147177 composite?
True
Is 6122973067 composite?
True
Is 17305539395 composite?
True
Is 799551473629 a composite number?
False
Is 6724090649 a prime number?
True
Is 147435291071 prime?
True
Is 44397877109 composite?
True
Is 2231724949 prime?
True
Is 12287361197 a prime number?
True
Is 159116921 prime?
False
Is 46033170047 prime?
False
Is 1761324907 a prime number?
True
Is 6817663709 a composite number?
True
Is 11542051919 a composite number?
True
Is 5884041011 prime?
False
Is 218822959 prime?
True
Is 173183923 prime?
False
Is 2737568695 a composite number?
True
Is 35202445907 a composite number?
False
Is 34498507429 a composite number?
False
Is 86068691057 prime?
True
Is 18574883 composite?
True
Is 7312078973 a composite number?
False
Is 2576215223 composite?
True
Is 12697847671 a prime number?
False
Is 512458885727 a prime number?
True
Is 425157749 a prime number?
False
Is 338228333 a composite number?
False
Is 8811311 prime?
False
Is 847587539 prime?
True
Is 23395506599 a prime number?
True
Is 1478320247 composite?
True
Is 373008401 prime?
True
Is 159207151 composite?
True
Is 2522329429 a composite number?
False
Is 13203696377 a composite number?
False
Is 48485676335 prime?
False
Is 30403826907 a prime number?
False
Is 20757294251 a composite number?
True
Is 3450798631 composite?
True
Is 10435642115 a composite number?
True
Is 11131676117 a composite number?
False
Is 602602615 prime?
False
Is 222215944229 prime?
True
Is 1663476727 a prime number?
False
Is 93183690913 a prime number?
True
Is 7601822659 a prime number?
False
Is 125201779 composite?
False
Is 15863281957 a composite number?
True
Is 4645423403 composite?
False
Is 1302655879 composite?
True
Is 41856506591 composite?
False
Is 2651726761 composite?
False
Is 118999151027 prime?
False
Is 457550213 prime?
True
Is 4488639747 a prime number?
False
Is 3214410013 prime?
True
Is 7228172177 composite?
True
Is 429429907 composite?
True
Is 13587190907 composite?
False
Is 3296760783 a prime number?
False
Is 39270471041 prime?
False
Is 749453813 prime?
False
Is 824596783 a composite number?
True
Is 1749305909 composite?
True
Is 5278641989 a composite number?
True
Is 48807047 a composite number?
False
Is 27158784454 a prime number?
False
Is 1323242911 composite?
False
Is 14414207317 prime?
True
Is 50482349987 prime?
True
Is 7375741301 a composite number?
False
Is 489426503 prime?
True
Is 108928873 a prime number?
True
Is 54337093997 a prime number?
True
Is 116463731 a composite number?
False
Is 1396282031 prime?
False
Is 2849922239 composite?
False
Is 4115769997 composite?
True
Is 11364436469 a composite number?
False
Is 479036501 composite?
False
Is 780633391 prime?
False
Is 295618711 composite?
True
Is 6663863549 composite?
True
Is 234938329 a composite number?
True
Is 16135638083 a composite number?
True
Is 3304410673 a prime number?
True
Is 803814329 composite?
False
Is 251865599 composite?
False
Is 7723497799 a composite number?
True
Is 241510378 a prime number?
False
Is 7068963253 a composite number?
True
Is 12370629779 a composite number?
False
Is 45731923 a prime number?
True
Is 18097513969 a composite number?
False
Is 6892446329 a composite number?
True
Is 6824351951 a composite number?
False
Is 151982269 prime?
True
Is 1042844473 prime?
False
Is 2621005547 a composite number?
False
Is 60417778199 a prime number?
False
Is 53185716449 a prime number?
True
Is 3726398957 prime?
True
Is 56394977789 prime?
True
Is 23674303 composite?
True
Is 835627579 composite?
False
Is 64126411 prime?
True
Is 1545535001 composite?
False
Is 877795393 a composite number?
False
Is 69338996183 a prime number?
True
Is 8375904337 composite?
False
Is 21961098133 a prime number?
False
Is 1389323354 composite?
True
Is 1966847371 prime?
True
Is 8868530917 composite?
False
Is 8343678281 composite?
False
Is 4688125501 a prime number?
True
Is 398339113 a prime number?
True
Is 2371431451 composite?
True
Is 460215269 a prime number?
False
Is 11060623769 a composite number?
True
Is 10668768893 prime?
True
Is 5857876291 a prime number?
False
Is 902309441 prime?
False
Is 1367485277 prime?
False
Is 16712537 composite?
False
Is 421835147 prime?
True
Is 483606703 prime?
True
Is 1103112259 a prime number?
False
Is 51185904149 composite?
True
Is 46827628087 composite?
True
Is 585896359 a prime number?
False
Is 531054443 a prime number?
False
Is 4316681227 composite?
True
Is 26846495213 composite?
False
Is 155752661 a prime number?
True
Is 2084082421 a composite number?
True
Is 390576399 composite?
True
Is 55008299 composite?
True
Is 105781223 a prime number?
False
Is 1087421731 composite?
True
Is 18243142699 composite?
True
Is 37932617269 a composite number?
False
Is 1322045906 a prime number?
False
Is 25913152765 composite?
True
Is 2363551451 composite?
False
Is 5577707537 composite?
False
Is 157564111 a composite number?
True
Is 5039577583 prime?
False
Is 2534965481 prime?
False
Is 7878306151 composite?
True
Is 1032555743 a prime number?
True
Is 70122139 a composite number?
True
Is 70956906011 a composite number?
False
Is 62994773813 a composite number?
False
Is 1829306813 a composite number?
False
Is 2139742753 a composite number?
True
Is 18556719163 prime?
True
Is 10816431035 prime?
False
Is 218865623495 a prime number?
False
Is 2091927997 a composite number?
True
Is 750606473 composite?
True
Is 29316125003 prime?
False
Is 7371681353 composite?
True
Is 8047470427 a composite number?
True
Is 287935807 composite?
False
Is 3923681579 a prime number?
True
Is 4420199239 composite?
False
Is 17015335433 a composite number?
True
Is 9872903993 a composite number?
False
Is 438022513 a composite number?
False
Is 158678581 composite?
False
Is 741383657 a composite number?
True
Is 4217912437 prime?
True
Is 30193938041 a prime number?
True
Is 4398171491 a prime number?
False
Is 1520213677 a prime number?
True
Is 369525203 a prime number?
True
Is 12349411 a composite number?
True
Is 8445319859 prime?
False
Is 358183319959 composite?
False
Is 3276010603 prime?
False
Is 10267248863 prime?
True
Is 7309143371 a composite number?
True
Is 8556583181 a composite number?
True
Is 2412226447 a prime number?
False
Is 5105700581 a composite number?
False
Is 354522563 a prime number?
False
Is 2893009991 a composite number?
False
Is 29415718583 composite?
True
Is 64222882823 composite?
True
Is 46731161969 composite?
True
Is 514962407 prime?
False
Is 270325607 composite?
True
Is 4695165637 prime?
False
Is 2357650159 prime?
True
Is 11002590317 composite?
False
Is 312569039 composite?
True
Is 2138149301 composite?
False
Is 1612623707 composite?
False
Is 6319034651 a prime number?
False
Is 7091287507 a prime number?
False
Is 25102983461 a prime number?
True
Is 1230689587 prime?
False
Is 44520314477 a prime number?
False
Is 98028700207 composite?
False
Is 785484489601 prime?
False
Is 2466883051 prime?
False
Is 117848162737 composite?
False
Is 1426355351 composite?
True
Is 2932730653 prime?
True
Is 30963278447 composite?
True
Is 655040047 a composite number?
False
Is 535558873 a composite number?
True
Is 7604891947 composite?
False
Is 307757581 a prime number?
True
Is 16838517277 a prime number?
True
Is 5962499327 a composite number?
True
Is 94803403 prime?
True
Is 59385497 a prime number?
False
Is 545955043 a composite number?
True
Is 14278732261 a prime number?
False
Is 24890292853 a prime number?
False
Is 1567896157 a prime number?
False
Is 16904391011 prime?
False
Is 164224681 a composite number?
False
Is 40317721 a composite number?
True
Is 2310055147 a prime number?
True
Is 3233962174 a composite number?
True
Is 147920191379 a prime number?
False
Is 24624722113 a prime number?
True
Is 25085553023 a composite number?
False
Is 2444462291 a prime number?
True
Is 3933242935 a composite number?
True
Is 2163353209 a prime number?
True
Is 3738732317 composite?
True
Is 809730091 prime?
True
Is 95371589 composite?
False
Is 6162969871 prime?
True
Is 60019034503 a prime number?
True
Is 10983446857 a composite number?
False
Is 91909369 a prime number?
False
Is 5482376099 a prime number?
False
Is 2